{"id":5326,"date":"2024-09-12T13:34:46","date_gmt":"2024-09-12T11:34:46","guid":{"rendered":"https:\/\/skafander.sk\/?post_type=product&#038;p=5326"},"modified":"2024-09-12T13:38:35","modified_gmt":"2024-09-12T11:38:35","slug":"kovovy-odznak-esa","status":"publish","type":"product","link":"https:\/\/skafander.sk\/?product=kovovy-odznak-esa","title":{"rendered":"Kovov\u00fd odznak ESA"},"content":{"rendered":"<p>Logo Eur\u00f3pskej vesm\u00edrnej agent\u00fary je najvidite\u013enej\u0161ou s\u00fa\u010das\u0165ou identity jej zna\u010dky a stalo sa synonymom zjednotenej Eur\u00f3py vo vesm\u00edre. Kruhov\u00fd dizajn loga reprezentuje ESA od roku 1975 a predstavuje na\u0161u plan\u00e9tu Zem, pri\u010dom p\u00edsmeno \u201ee\u201c predstavuje Zem (Earth) aj Eur\u00f3pu. Mal\u00e1 bodka na\u013eavo od p\u00edsmena \u201ee\u201c predstavuje satelit, symbol misi\u00ed ESA zameran\u00fdch na \u010fal\u0161ie vedeck\u00e9 poznatky a zlep\u0161enie ka\u017edodenn\u00e9ho \u017eivota na Zemi.<\/p>\n<p>MATERI\u00c1L: kov<\/p>\n<p>ROZMERY: d\u013a\u017eka 2,5 cm<\/p>\n","protected":false},"excerpt":{"rendered":"<p>\u010ci u\u017e na sako, alebo ruksak, tento kovov\u00fd odznak v tvare loga Eur\u00f3pskej vesm\u00edrnej agent\u00fary dok\u00e1\u017ee v\u0161etk\u00fdm nav\u00f4kol, \u017ee to s vesm\u00edrom mysl\u00edte v\u00e1\u017ene.<\/p>\n","protected":false},"featured_media":5380,"comment_status":"open","ping_status":"closed","template":"","meta":[],"product_brand":[],"product_cat":[184,67],"product_tag":[57,70,105,202,108,106],"class_list":{"0":"post-5326","1":"product","2":"type-product","3":"status-publish","4":"has-post-thumbnail","6":"product_cat-esa","7":"product_cat-doplnky","8":"product_tag-darcek","9":"product_tag-dekoracia","10":"product_tag-doplnok","11":"product_tag-esa","12":"product_tag-space","13":"product_tag-vesmir","15":"first","16":"instock","17":"shipping-taxable","18":"purchasable","19":"product-type-simple"},"_links":{"self":[{"href":"https:\/\/skafander.sk\/index.php?rest_route=\/wp\/v2\/product\/5326","targetHints":{"allow":["GET"]}}],"collection":[{"href":"https:\/\/skafander.sk\/index.php?rest_route=\/wp\/v2\/product"}],"about":[{"href":"https:\/\/skafander.sk\/index.php?rest_route=\/wp\/v2\/types\/product"}],"replies":[{"embeddable":true,"href":"https:\/\/skafander.sk\/index.php?rest_route=%2Fwp%2Fv2%2Fcomments&post=5326"}],"wp:featuredmedia":[{"embeddable":true,"href":"https:\/\/skafander.sk\/index.php?rest_route=\/wp\/v2\/media\/5380"}],"wp:attachment":[{"href":"https:\/\/skafander.sk\/index.php?rest_route=%2Fwp%2Fv2%2Fmedia&parent=5326"}],"wp:term":[{"taxonomy":"product_brand","embeddable":true,"href":"https:\/\/skafander.sk\/index.php?rest_route=%2Fwp%2Fv2%2Fproduct_brand&post=5326"},{"taxonomy":"product_cat","embeddable":true,"href":"https:\/\/skafander.sk\/index.php?rest_route=%2Fwp%2Fv2%2Fproduct_cat&post=5326"},{"taxonomy":"product_tag","embeddable":true,"href":"https:\/\/skafander.sk\/index.php?rest_route=%2Fwp%2Fv2%2Fproduct_tag&post=5326"}],"curies":[{"name":"wp","href":"https:\/\/api.w.org\/{rel}","templated":true}]}}