{"id":5269,"date":"2024-09-12T13:33:40","date_gmt":"2024-09-12T11:33:40","guid":{"rendered":"https:\/\/skafander.sk\/?post_type=product&#038;p=5269"},"modified":"2026-04-09T20:30:32","modified_gmt":"2026-04-09T18:30:32","slug":"siltovka-nasa","status":"publish","type":"product","link":"https:\/\/skafander.sk\/?product=siltovka-nasa","title":{"rendered":"\u0160iltovka NASA"},"content":{"rendered":"<p>Univerz\u00e1lna ve\u013ekos\u0165<\/p>\n","protected":false},"excerpt":{"rendered":"<p>Unisex siv\u00e1 \u0161iltovka s vy\u0161it\u00fdm logom NASA<\/p>\n","protected":false},"featured_media":5295,"comment_status":"open","ping_status":"closed","template":"","meta":[],"product_brand":[],"product_cat":[6,164,161],"product_tag":[170,57,120,15,105,89,88,86,169,74,171,108,54,106],"class_list":{"0":"post-5269","1":"product","2":"type-product","3":"status-publish","4":"has-post-thumbnail","6":"product_cat-oblecenie","7":"product_cat-damske-oblecenie","8":"product_cat-panske-oblecenie","9":"product_tag-cap","10":"product_tag-darcek","11":"product_tag-darceky","12":"product_tag-doplnky","13":"product_tag-doplnok","14":"product_tag-i-need-more-space","15":"product_tag-kozmonaut","16":"product_tag-logo","17":"product_tag-nasa","18":"product_tag-per-aspera-ad-astra","19":"product_tag-siltovka","20":"product_tag-space","21":"product_tag-stars","22":"product_tag-vesmir","24":"first","25":"instock","26":"shipping-taxable","27":"purchasable","28":"product-type-simple"},"_links":{"self":[{"href":"https:\/\/skafander.sk\/index.php?rest_route=\/wp\/v2\/product\/5269","targetHints":{"allow":["GET"]}}],"collection":[{"href":"https:\/\/skafander.sk\/index.php?rest_route=\/wp\/v2\/product"}],"about":[{"href":"https:\/\/skafander.sk\/index.php?rest_route=\/wp\/v2\/types\/product"}],"replies":[{"embeddable":true,"href":"https:\/\/skafander.sk\/index.php?rest_route=%2Fwp%2Fv2%2Fcomments&post=5269"}],"wp:featuredmedia":[{"embeddable":true,"href":"https:\/\/skafander.sk\/index.php?rest_route=\/wp\/v2\/media\/5295"}],"wp:attachment":[{"href":"https:\/\/skafander.sk\/index.php?rest_route=%2Fwp%2Fv2%2Fmedia&parent=5269"}],"wp:term":[{"taxonomy":"product_brand","embeddable":true,"href":"https:\/\/skafander.sk\/index.php?rest_route=%2Fwp%2Fv2%2Fproduct_brand&post=5269"},{"taxonomy":"product_cat","embeddable":true,"href":"https:\/\/skafander.sk\/index.php?rest_route=%2Fwp%2Fv2%2Fproduct_cat&post=5269"},{"taxonomy":"product_tag","embeddable":true,"href":"https:\/\/skafander.sk\/index.php?rest_route=%2Fwp%2Fv2%2Fproduct_tag&post=5269"}],"curies":[{"name":"wp","href":"https:\/\/api.w.org\/{rel}","templated":true}]}}