{"id":5252,"date":"2024-09-12T13:33:15","date_gmt":"2024-09-12T11:33:15","guid":{"rendered":"https:\/\/skafander.sk\/?post_type=product&#038;p=5252"},"modified":"2024-09-12T13:33:33","modified_gmt":"2024-09-12T11:33:33","slug":"ponozky-planety-damske","status":"publish","type":"product","link":"https:\/\/skafander.sk\/?product=ponozky-planety-damske","title":{"rendered":"Pono\u017eky PLAN\u00c9TY d\u00e1mske"},"content":{"rendered":"<p>Materi\u00e1l: 85% bavlna, 15% elastan<\/p>\n","protected":false},"excerpt":{"rendered":"<p>Kr\u00e1sne zelen\u00e9 vesm\u00edrne pono\u017eky s bledozelenou zosilnenou \u0161pi\u010dkou a p\u00e4tou a r\u00f4znymi ilustr\u00e1ciami plan\u00e9t.<\/p>\n<p>D\u00e1mske, ve\u013ekos\u0165 36-40<\/p>\n","protected":false},"featured_media":5263,"comment_status":"open","ping_status":"closed","template":"","meta":[],"product_brand":[],"product_cat":[6,164,167],"product_tag":[57,120,15,105,56,89,74,91,97,132,133,108,106],"class_list":{"0":"post-5252","1":"product","2":"type-product","3":"status-publish","4":"has-post-thumbnail","6":"product_cat-oblecenie","7":"product_cat-damske-oblecenie","8":"product_cat-ponozky","9":"product_tag-darcek","10":"product_tag-darceky","11":"product_tag-doplnky","12":"product_tag-doplnok","13":"product_tag-hviezdy","14":"product_tag-i-need-more-space","15":"product_tag-per-aspera-ad-astra","16":"product_tag-planet","17":"product_tag-planetka","18":"product_tag-ponozky","19":"product_tag-socks","20":"product_tag-space","21":"product_tag-vesmir","23":"first","24":"instock","25":"shipping-taxable","26":"purchasable","27":"product-type-simple"},"_links":{"self":[{"href":"https:\/\/skafander.sk\/index.php?rest_route=\/wp\/v2\/product\/5252","targetHints":{"allow":["GET"]}}],"collection":[{"href":"https:\/\/skafander.sk\/index.php?rest_route=\/wp\/v2\/product"}],"about":[{"href":"https:\/\/skafander.sk\/index.php?rest_route=\/wp\/v2\/types\/product"}],"replies":[{"embeddable":true,"href":"https:\/\/skafander.sk\/index.php?rest_route=%2Fwp%2Fv2%2Fcomments&post=5252"}],"wp:featuredmedia":[{"embeddable":true,"href":"https:\/\/skafander.sk\/index.php?rest_route=\/wp\/v2\/media\/5263"}],"wp:attachment":[{"href":"https:\/\/skafander.sk\/index.php?rest_route=%2Fwp%2Fv2%2Fmedia&parent=5252"}],"wp:term":[{"taxonomy":"product_brand","embeddable":true,"href":"https:\/\/skafander.sk\/index.php?rest_route=%2Fwp%2Fv2%2Fproduct_brand&post=5252"},{"taxonomy":"product_cat","embeddable":true,"href":"https:\/\/skafander.sk\/index.php?rest_route=%2Fwp%2Fv2%2Fproduct_cat&post=5252"},{"taxonomy":"product_tag","embeddable":true,"href":"https:\/\/skafander.sk\/index.php?rest_route=%2Fwp%2Fv2%2Fproduct_tag&post=5252"}],"curies":[{"name":"wp","href":"https:\/\/api.w.org\/{rel}","templated":true}]}}