{"id":5105,"date":"2024-09-12T13:19:41","date_gmt":"2024-09-12T11:19:41","guid":{"rendered":"https:\/\/skafander.sk\/?post_type=product&#038;p=5105"},"modified":"2025-03-17T21:31:51","modified_gmt":"2025-03-17T20:31:51","slug":"letime-do-vesmiru-pracovny-zosit","status":"publish","type":"product","link":"https:\/\/skafander.sk\/?product=letime-do-vesmiru-pracovny-zosit","title":{"rendered":"LET\u00cdME DO VESM\u00cdRU &#8211; pracovn\u00fd zo\u0161it"},"content":{"rendered":"<p>Svoj\u00edm obsahom sa pracovn\u00fd zo\u0161it opiera o \u0161tandardy, ktor\u00e9 hovoria, \u010do by malo die\u0165a materskej \u0161koly a \u017eiak prv\u00e9ho stup\u0148a z\u00e1kladnej \u0161koly o vesm\u00edre vedie\u0165.\u00a0Spolu s <a href=\"http:\/\/skafander.sk\/index.php\/produkt\/letime-do-vesmiru-metodicka-prirucka-pre-rodicov-a-ucitelov\/\">Metodikou<\/a> vytv\u00e1raj\u00fa komplexn\u00e9 dielo o vesm\u00edre pre deti od 5 rokov.<\/p>\n<p>Hravou formou die\u0165a spozn\u00e1va:<\/p>\n<ul>\n<li>Orient\u00e1ciu pod\u013ea \u00fakazov (zmena tvaru Mesiaca, pohyb telies po oblohe)<\/li>\n<li>Spozn\u00e1vanie s\u00fahvezd\u00ed<\/li>\n<li>Objekty slne\u010dnej s\u00fastavy<\/li>\n<li>Objekty, ktor\u00e9 m\u00f4\u017eeme vidie\u0165 \u010falekoh\u013eadom<\/li>\n<li>Sk\u00famanie vesm\u00edru<\/li>\n<\/ul>\n<p>V\u00fdhody pracovn\u00e9ho zo\u0161ita:<\/p>\n<ul>\n<li>V\u0161etky z\u00e1kladn\u00e9 astronomick\u00e9 pojmy s\u00fa vysvetlen\u00e9 jednoducho \u2013 pochopenie ka\u017edej t\u00e9my si m\u00f4\u017eu deti overi\u0165 cez mnoh\u00e9 aktivity a praktick\u00e9 \u00falohy.<\/li>\n<li>Jedin\u00fd pracovn\u00fd zo\u0161it o vesm\u00edre pre deti vo veku od 5 do 10 rokov.<\/li>\n<li>Farebn\u00e9 kvalitn\u00e9 obr\u00e1zky vesm\u00edrnych telies a javov spracovan\u00fdch odborn\u00edkmi z hvezd\u00e1rn\u00ed, \u0161peci\u00e1lne pre tento kni\u017en\u00fd titul.<\/li>\n<li>Jednoduch\u00fdm jazykom vysvetlen\u00e9 zlo\u017eit\u00e9 astronomick\u00e9 fakty.<\/li>\n<li>Mno\u017estvo tvoriv\u00fdch \u00faloh na rie\u0161enie aj zhrnutie inform\u00e1ci\u00ed na zapam\u00e4tanie.<\/li>\n<\/ul>\n<p>ODBORN\u00c1 GARANCIA<br \/>\nEditori:\u00a0<b><br \/>\n<\/b>Mgr. Eduard Ko\u010di,\u00a0 odborn\u00edk, hvezd\u00e1re\u0148 Hurbanovo<br \/>\nMgr. Ter\u00e9zia \u0160ebe\u0161ov\u00e1, u\u010dite\u013eka M\u0160 venuj\u00faca sa tematike vesm\u00edru<br \/>\nAutor:\u00a0<b><br \/>\n<\/b>\u00a9 RNDr. M\u00e1ria Csat\u00e1ryov\u00e1, PhD., Fakulta humanitn\u00fdch a pr\u00edrodn\u00fdch vied Pre\u0161ovskej univerzity v Pre\u0161ove<br \/>\nIlustr\u00e1tor:<b><br \/>\n<\/b>Bc. Veronika Sol\u00e1rikov\u00e1<br \/>\nAutori fotografi\u00ed vesm\u00edrnych telies a javov:<b><br \/>\n<\/b>Michal Dan\u010d, Marek Harman, Peter Hodul\u00edk, Leonard Kuk\u013ea, J\u00e1n M\u00e4siar, J\u00e1n Sadiv, Roman Tom\u010d\u00edk<\/p>\n<p>OBSAH<br \/>\n1. Ko\u013eko trv\u00e1 mesiac<br \/>\n2. Ako ur\u010di\u0165 smer<br \/>\n3. Ako Slnko ur\u010duje \u010das&#8230;<br \/>\n4. Pr\u00edbehy na oblohe<br \/>\n5. Pozn\u00e1vanie s\u00fahvezd\u00ed<br \/>\n6. Plan\u00e9ty na oblohe \u2013 podobn\u00e9 Zemi<br \/>\n7. Plan\u00e9ty na oblohe \u2013 plynn\u00ed obri<br \/>\n8. Mal\u00e9 plan\u00e9ty a asteroidy<br \/>\n9. Pozdrav od kom\u00e9ty<br \/>\n10. Slnko \u2013 na\u0161a najbli\u017e\u0161ia hviezda<br \/>\n11. Slne\u010dn\u00e1 s\u00fastava<br \/>\n12. Tajomstv\u00e1 oblohy<br \/>\n13. Miesto, kde \u017eijeme<br \/>\n14. Ako sk\u00famame vesm\u00edr<br \/>\n15. Javy na oblohe<\/p>\n<p>Form\u00e1t:A4<br \/>\nPo\u010det str\u00e1n: 88<br \/>\nMakk\u00e1 v\u00e4zba<\/p>\n","protected":false},"excerpt":{"rendered":"<p>Pr\u00edbeh malej Kamilky, ktor\u00e1 v\u010faka z\u00e1bavn\u00fdm aktivit\u00e1m spolu so star\u00fdm otcom objavuje \u010falek\u00fd vesm\u00edr. Pre v\u0161etk\u00fdch, ktor\u00ed sa radi d\u00edvaj\u00fa na oblohu, ale nezn\u00e1\u0161aj\u00fa nudn\u00e9 pou\u010dky. Tie s\u00fa toti\u017e v na\u0161ej kni\u017eke zak\u00e1zan\u00e9! Pripravte si ceruzky, no\u017enice a lepidlo a vydajte sa s nami na z\u00e1bavn\u00fd let! \u0160TARTUJEME!<\/p>\n","protected":false},"featured_media":5175,"comment_status":"open","ping_status":"closed","template":"","meta":[],"product_brand":[],"product_cat":[7,114],"product_tag":[96,57,116,59,56,89,88,118,86,74,117,13,115],"class_list":{"0":"post-5105","1":"product","2":"type-product","3":"status-publish","4":"has-post-thumbnail","6":"product_cat-toys","7":"product_cat-vzdelavanie","8":"product_tag-astronaut","9":"product_tag-darcek","10":"product_tag-deti","11":"product_tag-hracky","12":"product_tag-hviezdy","13":"product_tag-i-need-more-space","14":"product_tag-kozmonaut","15":"product_tag-letime-do-vesmiru","16":"product_tag-logo","17":"product_tag-per-aspera-ad-astra","18":"product_tag-pre-deti","19":"product_tag-sosa","20":"product_tag-ucebnica","22":"first","23":"instock","24":"shipping-taxable","25":"purchasable","26":"product-type-simple"},"_links":{"self":[{"href":"https:\/\/skafander.sk\/index.php?rest_route=\/wp\/v2\/product\/5105","targetHints":{"allow":["GET"]}}],"collection":[{"href":"https:\/\/skafander.sk\/index.php?rest_route=\/wp\/v2\/product"}],"about":[{"href":"https:\/\/skafander.sk\/index.php?rest_route=\/wp\/v2\/types\/product"}],"replies":[{"embeddable":true,"href":"https:\/\/skafander.sk\/index.php?rest_route=%2Fwp%2Fv2%2Fcomments&post=5105"}],"wp:featuredmedia":[{"embeddable":true,"href":"https:\/\/skafander.sk\/index.php?rest_route=\/wp\/v2\/media\/5175"}],"wp:attachment":[{"href":"https:\/\/skafander.sk\/index.php?rest_route=%2Fwp%2Fv2%2Fmedia&parent=5105"}],"wp:term":[{"taxonomy":"product_brand","embeddable":true,"href":"https:\/\/skafander.sk\/index.php?rest_route=%2Fwp%2Fv2%2Fproduct_brand&post=5105"},{"taxonomy":"product_cat","embeddable":true,"href":"https:\/\/skafander.sk\/index.php?rest_route=%2Fwp%2Fv2%2Fproduct_cat&post=5105"},{"taxonomy":"product_tag","embeddable":true,"href":"https:\/\/skafander.sk\/index.php?rest_route=%2Fwp%2Fv2%2Fproduct_tag&post=5105"}],"curies":[{"name":"wp","href":"https:\/\/api.w.org\/{rel}","templated":true}]}}