{"id":5050,"date":"2024-09-12T13:16:55","date_gmt":"2024-09-12T11:16:55","guid":{"rendered":"https:\/\/skafander.sk\/?post_type=product&#038;p=5050"},"modified":"2024-09-12T13:23:57","modified_gmt":"2024-09-12T11:23:57","slug":"rucne-malovana-platena-taska-bublifuk","status":"publish","type":"product","link":"https:\/\/skafander.sk\/?product=rucne-malovana-platena-taska-bublifuk","title":{"rendered":"Ru\u010dne ma\u013eovan\u00e1 pl\u00e1ten\u00e1 ta\u0161ka BUBLIFUK"},"content":{"rendered":"<p>Ru\u010dne ma\u013eovan\u00e1 pl\u00e1ten\u00e1 ta\u0161ka &#8211; ka\u017ed\u00fd kus m\u00f4\u017ee by\u0165 mierne odli\u0161n\u00fd<\/p>\n<p>Materi\u00e1l: 100% bavlna<\/p>\n<p>K\u00fapou produktu podpor\u00edte <a href=\"http:\/\/sosa.sk\">Slovensk\u00fa organiz\u00e1ciu pre vesm\u00edrne aktivity<\/a><\/p>\n","protected":false},"excerpt":{"rendered":"<p>Vesm\u00edr v bublinke? Bublinka vo vesm\u00edre?<\/p>\n<p>Ru\u010dne ma\u013eovan\u00e1 origin\u00e1lna ta\u0161ka pr\u00edrodnej farby s kr\u00e1snym mot\u00edvom pominute\u013enosti.<\/p>\n","protected":false},"featured_media":5136,"comment_status":"open","ping_status":"closed","template":"","meta":[],"product_brand":[],"product_cat":[113],"product_tag":[90,57,70,15,56,89,88,86,65,66,76,74,9,13,54,87],"class_list":{"0":"post-5050","1":"product","2":"type-product","3":"status-publish","4":"has-post-thumbnail","6":"product_cat-bags","7":"product_tag-bag","8":"product_tag-darcek","9":"product_tag-dekoracia","10":"product_tag-doplnky","11":"product_tag-hviezdy","12":"product_tag-i-need-more-space","13":"product_tag-kozmonaut","14":"product_tag-logo","15":"product_tag-mesiac","16":"product_tag-moon","17":"product_tag-napis","18":"product_tag-per-aspera-ad-astra","19":"product_tag-skcube","20":"product_tag-sosa","21":"product_tag-stars","22":"product_tag-taska","24":"first","25":"instock","26":"shipping-taxable","27":"purchasable","28":"product-type-simple"},"_links":{"self":[{"href":"https:\/\/skafander.sk\/index.php?rest_route=\/wp\/v2\/product\/5050","targetHints":{"allow":["GET"]}}],"collection":[{"href":"https:\/\/skafander.sk\/index.php?rest_route=\/wp\/v2\/product"}],"about":[{"href":"https:\/\/skafander.sk\/index.php?rest_route=\/wp\/v2\/types\/product"}],"replies":[{"embeddable":true,"href":"https:\/\/skafander.sk\/index.php?rest_route=%2Fwp%2Fv2%2Fcomments&post=5050"}],"wp:featuredmedia":[{"embeddable":true,"href":"https:\/\/skafander.sk\/index.php?rest_route=\/wp\/v2\/media\/5136"}],"wp:attachment":[{"href":"https:\/\/skafander.sk\/index.php?rest_route=%2Fwp%2Fv2%2Fmedia&parent=5050"}],"wp:term":[{"taxonomy":"product_brand","embeddable":true,"href":"https:\/\/skafander.sk\/index.php?rest_route=%2Fwp%2Fv2%2Fproduct_brand&post=5050"},{"taxonomy":"product_cat","embeddable":true,"href":"https:\/\/skafander.sk\/index.php?rest_route=%2Fwp%2Fv2%2Fproduct_cat&post=5050"},{"taxonomy":"product_tag","embeddable":true,"href":"https:\/\/skafander.sk\/index.php?rest_route=%2Fwp%2Fv2%2Fproduct_tag&post=5050"}],"curies":[{"name":"wp","href":"https:\/\/api.w.org\/{rel}","templated":true}]}}