{"id":5028,"date":"2024-09-12T13:16:51","date_gmt":"2024-09-12T11:16:51","guid":{"rendered":"https:\/\/skafander.sk\/?post_type=product&#038;p=5028"},"modified":"2024-12-08T20:47:10","modified_gmt":"2024-12-08T19:47:10","slug":"tricko-spacex-falcon-heavy-cierne","status":"publish","type":"product","link":"https:\/\/skafander.sk\/?product=tricko-spacex-falcon-heavy-cierne","title":{"rendered":"Tri\u010dko SpaceX FALCON HEAVY \u010dierne"},"content":{"rendered":"<p>Materi\u00e1l: 100% bavlna<\/p>\n<p>Ve\u013ekosti:<br \/>\nS &#8211; \u0161\u00edrka 51 cm, d\u013a\u017eka 72 cm<br \/>\nM &#8211; \u0161\u00edrka 53 cm, d\u013a\u017eka 73 cm<br \/>\nL \u2013 \u0161\u00edrka 55 cm, d\u013a\u017eka 74 cm<br \/>\nXL \u2013 \u0161\u00edrka 57 cm, d\u013a\u017eka 76 cm<br \/>\nXXL \u2013 \u0161\u00edrka 60 cm, d\u013a\u017eka 78 cm<\/p>\n<p>&nbsp;<\/p>\n","protected":false},"excerpt":{"rendered":"<p>\u010cierne tri\u010dko Falcon Heavy od SPACE X klasick\u00e9ho rovn\u00e9ho strihu aj so Spacemanom v jeho kr\u00e1snej \u010dervenej Tesle!<\/p>\n","protected":false},"featured_media":5096,"comment_status":"open","ping_status":"closed","template":"","meta":[],"product_brand":[],"product_cat":[6,161,165],"product_tag":[96,57,15,82,78,79,56,89,86,74,13,77,80,81,12],"class_list":{"0":"post-5028","1":"product","2":"type-product","3":"status-publish","4":"has-post-thumbnail","6":"product_cat-oblecenie","7":"product_cat-panske-oblecenie","8":"product_cat-tricka","9":"product_tag-astronaut","10":"product_tag-darcek","11":"product_tag-doplnky","12":"product_tag-elon-musk","13":"product_tag-falcon","14":"product_tag-falcon-heavy","15":"product_tag-hviezdy","16":"product_tag-i-need-more-space","17":"product_tag-logo","18":"product_tag-per-aspera-ad-astra","19":"product_tag-sosa","20":"product_tag-spacex","21":"product_tag-t-shirt","22":"product_tag-tesla","23":"product_tag-tricko","25":"first","26":"instock","27":"shipping-taxable","28":"purchasable","29":"product-type-variable"},"_links":{"self":[{"href":"https:\/\/skafander.sk\/index.php?rest_route=\/wp\/v2\/product\/5028","targetHints":{"allow":["GET"]}}],"collection":[{"href":"https:\/\/skafander.sk\/index.php?rest_route=\/wp\/v2\/product"}],"about":[{"href":"https:\/\/skafander.sk\/index.php?rest_route=\/wp\/v2\/types\/product"}],"replies":[{"embeddable":true,"href":"https:\/\/skafander.sk\/index.php?rest_route=%2Fwp%2Fv2%2Fcomments&post=5028"}],"wp:featuredmedia":[{"embeddable":true,"href":"https:\/\/skafander.sk\/index.php?rest_route=\/wp\/v2\/media\/5096"}],"wp:attachment":[{"href":"https:\/\/skafander.sk\/index.php?rest_route=%2Fwp%2Fv2%2Fmedia&parent=5028"}],"wp:term":[{"taxonomy":"product_brand","embeddable":true,"href":"https:\/\/skafander.sk\/index.php?rest_route=%2Fwp%2Fv2%2Fproduct_brand&post=5028"},{"taxonomy":"product_cat","embeddable":true,"href":"https:\/\/skafander.sk\/index.php?rest_route=%2Fwp%2Fv2%2Fproduct_cat&post=5028"},{"taxonomy":"product_tag","embeddable":true,"href":"https:\/\/skafander.sk\/index.php?rest_route=%2Fwp%2Fv2%2Fproduct_tag&post=5028"}],"curies":[{"name":"wp","href":"https:\/\/api.w.org\/{rel}","templated":true}]}}